{"id":680,"date":"2023-07-11T14:26:20","date_gmt":"2023-07-11T12:26:20","guid":{"rendered":"http:\/\/www.fanprojekt-mainz.de\/?page_id=680"},"modified":"2023-07-14T11:13:42","modified_gmt":"2023-07-14T09:13:42","slug":"test-seite-4","status":"publish","type":"page","link":"http:\/\/www.fanprojekt-mainz.de\/?page_id=680","title":{"rendered":"F\u00f6rderverein"},"content":{"rendered":"\n<p>Am Dienstag, den 22.01.2013 haben wir den Verein \u201eFreunde und F\u00f6rderer des Fanprojekt Mainz e.V.\u201c gegr\u00fcndet. Aufgabe und Ziel dieses Vereins ist es,<br>die sozialp\u00e4dagogische Arbeit des Fanprojekts Mainz finanziell und ideell zu unterst\u00fctzen.<br>Der F\u00f6rderverein versucht sich deshalb auch m\u00f6glichst breit aufzustellen. Dies spiegelt sich auch im Vorstand wider, der sich aus verschiedenen Str\u00f6mungen der Mainzer Fanszene zusammensetzt:<\/p>\n\n\n\n<p>1.Vorsitzende: Sina Sch\u00e4fer<br>stell. Vorsitzende: J\u00fcrgen Girtler und Maximilian Kling<br>Schatzmeister: Nils Friedrich<br>Schriftf\u00fchrerin: Ben Pra\u00dfe<br>Mitgliederbetreuer: Romano Valentini<br>Mitgliederbetreuer: Thomas Beckmann<\/p>\n\n\n\n<p>Hintergrund der Gr\u00fcndung des Vereins war die Tatsache, dass es in der zum Gr\u00fcndungszeitpunkt fast zwanzigj\u00e4hrigen Geschichte des Fanprojekts<br>immer wieder zu Finanzierungsproblemen gekommen ist. Die Gr\u00fcnde lagen zum Teil in K\u00fcrzungen der Zusch\u00fcsse oder auch weil sich Rahmenbedingungen von Kooperationen so ge\u00e4ndert hatten, dass eine Fortf\u00fchrung nicht sinnvoll gewesen w\u00e4re. Eine solche rechtliche \u00c4nderung der Vorschriften f\u00fcr Kooperationen war auch im Jahr 2013 eingetreten und dadurch bestand die Gefahr, dass das Fanprojekt eine Vollzeitstelle verlieren w\u00fcrde. Um diesem Missstand entgegenzuwirken, haben wir im Februar 2013 den Verein \u201eFreunde und F\u00f6rderer des Fanprojekt Mainz e.V.\u201c gegr\u00fcndet.<\/p>\n\n\n\n<p>In den letzten f\u00fcnf Jahren konnten wir zahlreiche Projekte des Fanprojekts unterst\u00fctzen und mitfinanzieren.<\/p>\n\n\n\n<p>\u00dcber 70.000\u20ac sind in dieser Zeit seit Gr\u00fcndung unseres F\u00f6rdervereins durch verschiedene Aktionen, Spendensammlungen und durch Mitgliedsbeitr\u00e4ge zusammen gekommen. Mit diesen finanziellen Mitteln wurden unter anderem die Bildungsfahrten nach Auschwitz oder die beiden Streetkicks unterm Regenbogen gef\u00f6rdert. Dies sind nur zwei Beispiele, denn auch dar\u00fcber hinaus konnte die Arbeit des Fanprojekts finanziell und mit Manpower unterst\u00fctzt werden.<\/p>\n\n\n\n<p>Zur Teilfinanzierung unseres Fanhauses wurde die crowdFANding-Kampagne ma\u00dfgeblich und in Zusammenarbeit mit vielen weiteren Fans des 1. FSV Mainz 05 organisiert und bew\u00e4ltigt. Alleine im Rahmen dieser \u201eEin FANhaus f\u00fcr Mainz\u201c Kampagne konnten \u00fcber 155.000\u20ac gesammelt werden, die komplett in die Finanzierung des Fanhauses einflie\u00dfen.<\/p>\n\n\n\n<p>Aktuell hat unser F\u00f6rderverein ca. 140 Mitglieder und wir sind stets auf der Suche nach neuen Mitstreitern, die die Arbeit des Fanprojekts auf diese Art und Weise unterst\u00fctzen wollen.<\/p>\n\n\n\n<p>Gerne steht Ihnen der Vereinsvorstand f\u00fcr R\u00fcckfragen \u00fcber folgende Kontaktm\u00f6glichkeiten zur Verf\u00fcgung:<\/p>\n\n\n\n<p>Mail an: info@fanprojekt-freunde-mainz.de<br>Freunde und F\u00f6rderer des Fanprojekt Mainz e.V.<br>Weisenauer Str. 15<br>55131 Mainz<\/p>\n\n\n\n<p>Der Verein finanziert sich, wie bereits angeschnitten, aus Spendeneinnahmen und Mitgliedsbeitr\u00e4gen (dieser betr\u00e4gt mindestens symbolische 19,05 \u20ac im Jahr). Dar\u00fcber hinaus werden wir immer wieder besondere Aktionen im Umfeld der Spiele der Profimannschaft des 1. FSV Mainz 05 initiieren.<\/p>\n\n\n\n<p><a href=\"http:\/\/www.fanprojekt-mainz.de\/wp-content\/uploads\/2016\/03\/Mitgliedsantrag_2018_neu.pdf\">Mitgliedsantrag F\u00f6rderverein<\/a><\/p>\n\n\n\n<p><a href=\"https:\/\/www.facebook.com\/FreundeUndFordererDesFanprojektMainzEv\/\">Facebookseite des F\u00f6rdervereins<\/a><\/p>\n\n\n\n<p>Bankverbindung F\u00f6rderverein:<\/p>\n\n\n\n<p>Mainzer Volksbank<\/p>\n\n\n\n<p>IBAN: DE74 5519 0000 0838 9570 17<\/p>\n","protected":false},"excerpt":{"rendered":"<p>Am Dienstag, den 22.01.2013 haben wir den Verein \u201eFreunde und F\u00f6rderer des Fanprojekt Mainz e.V.\u201c gegr\u00fcndet. Aufgabe und Ziel dieses Vereins ist es,die sozialp\u00e4dagogische Arbeit des Fanprojekts Mainz finanziell und ideell zu unterst\u00fctzen.Der F\u00f6rderverein versucht sich deshalb auch m\u00f6glichst breit aufzustellen. Dies spiegelt sich auch im Vorstand wider, der sich aus verschiedenen Str\u00f6mungen der Mainzer Fanszene zusammensetzt: 1.Vorsitzende: Sina Sch\u00e4ferstell. Vorsitzende: J\u00fcrgen Girtler und Maximilian KlingSchatzmeister: Nils FriedrichSchriftf\u00fchrerin: Ben Pra\u00dfeMitgliederbetreuer: Romano ValentiniMitgliederbetreuer: Thomas Beckmann Hintergrund der Gr\u00fcndung des Vereins war die Tatsache, dass es in der zum Gr\u00fcndungszeitpunkt fast zwanzigj\u00e4hrigen Geschichte des Fanprojektsimmer wieder zu Finanzierungsproblemen gekommen ist. Die Gr\u00fcnde&#8230; <\/p>\n","protected":false},"author":2,"featured_media":0,"parent":0,"menu_order":0,"comment_status":"closed","ping_status":"closed","template":"","meta":{"footnotes":""},"class_list":["post-680","page","type-page","status-publish","hentry"],"_links":{"self":[{"href":"http:\/\/www.fanprojekt-mainz.de\/index.php?rest_route=\/wp\/v2\/pages\/680","targetHints":{"allow":["GET"]}}],"collection":[{"href":"http:\/\/www.fanprojekt-mainz.de\/index.php?rest_route=\/wp\/v2\/pages"}],"about":[{"href":"http:\/\/www.fanprojekt-mainz.de\/index.php?rest_route=\/wp\/v2\/types\/page"}],"author":[{"embeddable":true,"href":"http:\/\/www.fanprojekt-mainz.de\/index.php?rest_route=\/wp\/v2\/users\/2"}],"replies":[{"embeddable":true,"href":"http:\/\/www.fanprojekt-mainz.de\/index.php?rest_route=%2Fwp%2Fv2%2Fcomments&post=680"}],"version-history":[{"count":2,"href":"http:\/\/www.fanprojekt-mainz.de\/index.php?rest_route=\/wp\/v2\/pages\/680\/revisions"}],"predecessor-version":[{"id":690,"href":"http:\/\/www.fanprojekt-mainz.de\/index.php?rest_route=\/wp\/v2\/pages\/680\/revisions\/690"}],"wp:attachment":[{"href":"http:\/\/www.fanprojekt-mainz.de\/index.php?rest_route=%2Fwp%2Fv2%2Fmedia&parent=680"}],"curies":[{"name":"wp","href":"https:\/\/api.w.org\/{rel}","templated":true}]}}