{"id":678,"date":"2023-07-11T14:20:58","date_gmt":"2023-07-11T12:20:58","guid":{"rendered":"http:\/\/www.fanprojekt-mainz.de\/?page_id=678"},"modified":"2023-07-14T11:12:21","modified_gmt":"2023-07-14T09:12:21","slug":"test-seite-3","status":"publish","type":"page","link":"http:\/\/www.fanprojekt-mainz.de\/?page_id=678","title":{"rendered":"Angebote"},"content":{"rendered":"\n<p><strong>Angebote des Fanprojekt Mainz e.V.<\/strong><\/p>\n\n\n\n<p>\u2022 Begleitung \/ Betreuung der Fans bei allen Heim- und Ausw\u00e4rtsspielen<br>(bei Heimspielen am Fantreff hinter Block A unter der Haupttrib\u00fcne)<br>\u2022 Vermittlung bei Problemen mit Polizei oder Ordnungsdienst<br>\u2022 Beratung und Hilfe bei privaten Problemen (Schule, Beruf, Familie, Drogen, Partnerschaft, &#8230;)<br>\u2022 Intervention bei Problemen zwischen Fans<br>\u2022 \u00d6ffentlichkeitsarbeit, d.h. Pressearbeit, Vortr\u00e4ge an Schulen und Hochschulen, Podiumsdiskussionen, Teilnahme an Tagungen<br>\u2022 Fahrt zum allj\u00e4hrlichen Fanfinale in Berlin mit Besuch des DFB-Pokalendspiels<br>\u2022 R\u00e4umlichkeiten f\u00fcr Fanaktivit\u00e4ten<\/p>\n","protected":false},"excerpt":{"rendered":"<p>Angebote des Fanprojekt Mainz e.V. \u2022 Begleitung \/ Betreuung der Fans bei allen Heim- und Ausw\u00e4rtsspielen(bei Heimspielen am Fantreff hinter Block A unter der Haupttrib\u00fcne)\u2022 Vermittlung bei Problemen mit Polizei oder Ordnungsdienst\u2022 Beratung und Hilfe bei privaten Problemen (Schule, Beruf, Familie, Drogen, Partnerschaft, &#8230;)\u2022 Intervention bei Problemen zwischen Fans\u2022 \u00d6ffentlichkeitsarbeit, d.h. Pressearbeit, Vortr\u00e4ge an Schulen und Hochschulen, Podiumsdiskussionen, Teilnahme an Tagungen\u2022 Fahrt zum allj\u00e4hrlichen Fanfinale in Berlin mit Besuch des DFB-Pokalendspiels\u2022 R\u00e4umlichkeiten f\u00fcr Fanaktivit\u00e4ten<\/p>\n","protected":false},"author":2,"featured_media":0,"parent":0,"menu_order":0,"comment_status":"closed","ping_status":"closed","template":"","meta":{"footnotes":""},"class_list":["post-678","page","type-page","status-publish","hentry"],"_links":{"self":[{"href":"http:\/\/www.fanprojekt-mainz.de\/index.php?rest_route=\/wp\/v2\/pages\/678","targetHints":{"allow":["GET"]}}],"collection":[{"href":"http:\/\/www.fanprojekt-mainz.de\/index.php?rest_route=\/wp\/v2\/pages"}],"about":[{"href":"http:\/\/www.fanprojekt-mainz.de\/index.php?rest_route=\/wp\/v2\/types\/page"}],"author":[{"embeddable":true,"href":"http:\/\/www.fanprojekt-mainz.de\/index.php?rest_route=\/wp\/v2\/users\/2"}],"replies":[{"embeddable":true,"href":"http:\/\/www.fanprojekt-mainz.de\/index.php?rest_route=%2Fwp%2Fv2%2Fcomments&post=678"}],"version-history":[{"count":2,"href":"http:\/\/www.fanprojekt-mainz.de\/index.php?rest_route=\/wp\/v2\/pages\/678\/revisions"}],"predecessor-version":[{"id":689,"href":"http:\/\/www.fanprojekt-mainz.de\/index.php?rest_route=\/wp\/v2\/pages\/678\/revisions\/689"}],"wp:attachment":[{"href":"http:\/\/www.fanprojekt-mainz.de\/index.php?rest_route=%2Fwp%2Fv2%2Fmedia&parent=678"}],"curies":[{"name":"wp","href":"https:\/\/api.w.org\/{rel}","templated":true}]}}